p - 5*v = -100. What is the tens digit of (-2155)/p - (-3)/12?
0
What is the hundreds digit of 1*-26*(-3 - 49/14)?
1
Suppose d = -323 + 2137. What is the units digit of d?
4
Suppose 4*k = 13*k - 36. Suppose -182 = k*f + 4*l - 870, -5*l + 15 = 0. What is the units digit of f?
9
Let x be 42/9*18/4. Let g = 60 + -67. Let v = g + x. What is the units digit of v?
4
Let z(b) = 2*b**3 - 4*b**2 - 3*b - 5. Let y = 50 - 46. What is the units digit of z(y)?
7
Suppose -q = -3*h + q + 41, 3*q = 4*h - 56. Suppose h = -2*d - 5. What is the units digit of (0 + d)/(2/(-8))?
2
Suppose -4*a + j = -8568, -2*a + 6*a - 2*j = 8572. What is the tens digit of a?
4
Let v = 8 + -12. Let c = 6 + v. What is the units digit of (35/(-14))/(c/(-4))?
5
Let p = -398 - -673. Suppose b + 5 = 0, 8*u + 5*b - p = 3*u. What is the units digit of u?
0
Let r(q) = -12*q**3 + q**2 + 8*q + 8. What is the tens digit of r(-1)?
1
Let g = 755 - -770. What is the units digit of g?
5
Let k(u) = -9*u + 0*u - 1 + 4*u. Let c be k(3). What is the tens digit of (-52)/2*8/c?
1
Let m(b) = -b**2 + 9*b + 8. Let g be m(9). What is the hundreds digit of g/10 + (-516)/(-5)?
1
Suppose -4*d = -2*o - 24, 5*d = 3*d - 5*o + 24. Let y(c) = 5*c**2 + 4*c + 35. What is the hundreds digit of y(d)?
3
Suppose -1048 = -5*f - 2*j, 0*f - 2*f - 3*j = -428. Let z be 4/22 - f/176. What is the units digit of 1098/24 - z/4?
6
Suppose 0 = -4*i - 2*i + 8442. Suppose -3*a - i = -2*g - 2*a, -5*a + 3525 = 5*g. What is the units digit of 5/(-2)*g/(-40)?
4
Let o(v) = 2*v**2 - 11*v - 1. Let d be o(8). Let n = 61 - d. Let m = n + 8. What is the units digit of m?
0
Suppose 0 = 5*u + 3*h - 35, 4*u - 3*h - 11 = -2*h. Let a(f) = -f. Let r be a(-4). Suppose -l - 9 = -r*p + 4*l, l + 21 = u*p. What is the units digit of p?
6
Suppose 5*l = -2*n + 11, -5 = -l + n - 7. What is the units digit of l?
1
Suppose 3*x + 4*g - 2*g - 47 = 0, -2*x = -2*g - 18. Suppose 224 = -x*i + 14*i. What is the units digit of i?
4
Suppose 0 = -2*i, 4*i + 0*i = s. Suppose f + s = 32. What is the units digit of f?
2
Suppose 11 + 9 = -4*x, 15 = -2*b - 3*x. Suppose b = 2*u - 21 - 1. Suppose -122 = -5*c + a, 0 = 5*c - 5*a - u - 99. What is the units digit of c?
5
What is the thousands digit of 3*4/(-6) + (-19474)/(-7)?
2
Suppose 2*h - 3*g = 17, -h + 28 = 2*h - 5*g. Suppose -24*d + 71 = -769. Suppose -6*n + d = -h. What is the units digit of n?
6
Let d = 29 - 27. Suppose -2*r - 14 - 47 = -o, 87 = d*o + 3*r. What is the tens digit of o?
5
Suppose 4*s = 65 + 31. Let a be -11 + s + 1*-1. What is the tens digit of (-202)/(-8) + 9/a?
2
Let u = -73 + 412. Let o = u + -84. What is the tens digit of o?
5
Suppose z = 5*z - u - 137, -2*z + u = -67. Let x be z/11 - 8/44. Suppose x*r = -0*r + 78. What is the units digit of r?
6
Suppose 9*t = -1015 + 6613. What is the units digit of t?
2
Let p = -437 - -468. What is the tens digit of p?
3
Suppose 0 = 2*d - 0 - 8. Suppose d + 11 = w. What is the units digit of w?
5
Suppose 36 = 18*j - 14*j. Suppose 0 = 4*r - j*r + 3*b + 249, 3*r - 156 = 4*b. What is the units digit of r?
8
Let d = 40 + 1113. What is the hundreds digit of d?
1
Let b = -17 + 19. Suppose -b*k = 5*u - 65, 4*u = -3*k + 94 + 14. What is the tens digit of 0 + k + -2 + -1?
3
Suppose 7*o - 17 - 4 = 0. What is the tens digit of (7 + -13)/o - (0 - 135)?
3
Let b = 623 - 306. What is the tens digit of b?
1
Let i = 1346 + -745. Suppose f = 4*q - i, 31 = -q + 3*f + 173. What is the tens digit of q?
5
Let i be 1066/328 + (-1)/4*1. Suppose 3*x - 2*u = 548, 4*u - 377 = -2*x + i*u. What is the tens digit of x?
8
Suppose 0 = 2*z - 5*k - 436, 6*z = 11*z + 5*k - 1125. Suppose 0 = 3*x - 12, -z = -2*d - 5*x + 101. What is the units digit of d?
2
Suppose -o + 4*o - 8 = 2*u, 0 = 4*o - 4*u - 16. Suppose o = 4*d + d - 1085. What is the units digit of d?
7
Let b(z) = -z**3 - 3*z**2 - z - 8. Let k be b(-6). Suppose 3*x = -1 + k. What is the tens digit of x?
3
Let z(n) = -141*n - 4. Let i = 30 - 31. What is the units digit of z(i)?
7
Let l(f) = f - 1. Suppose -b + 4 = 1. Let t be l(b). Suppose 2*v + t = -2*w + 4*v, 4*w - v = 8. What is the units digit of w?
3
Suppose 0 = 5*z - 322 - 128. What is the units digit of z?
0
Let u(k) = -6*k + 5*k - 12 - 3*k. Let a(l) = -2*l - 1. Let z be a(2). What is the units digit of u(z)?
8
Suppose -4*l - 63 = -p, -3*l + 5*p + 53 = -6*l. Suppose 0 = 3*z + 2*r + 5, 0*z - 4*r = -2*z - 14. What is the units digit of (-52)/l - z/(-12)?
3
Let f(q) = 61*q**3 - 11*q**2 + 27*q + 11. What is the hundreds digit of f(4)?
8
Let k(c) = 2*c + 19. Let h be k(-8). Suppose o - 2*o = -h*r + 110, -4*o + 54 = r. What is the tens digit of r?
3
Suppose 64*m = 52*m + 15756. What is the tens digit of m?
1
Suppose 16 = -3*z - 2*t, 2*z + 4 + 12 = 4*t. What is the units digit of ((-8)/(-6))/(z*(-6)/1890)?
0
Suppose -3*h - u - 169 = 0, -131 = h + h - 3*u. Let g = h + 81. What is the units digit of g?
3
Let p = -25 - -192. Let b = 246 - p. What is the tens digit of b?
7
What is the tens digit of (-13201)/(-5) - (-1)/(-5)?
4
Suppose -3*n + 12 = -5*n. What is the units digit of (4/6)/(n/(-333))?
7
Suppose 0*o = -3*o + 9. Suppose 10 = 6*d - 14. Suppose 3*j - d*w - 25 = 0, j - 4 - o = w. What is the units digit of j?
3
Suppose 0 = -2*y - 2*r + 5844, 4*y - 11687 = -r - 2*r. What is the thousands digit of y?
2
Suppose -11*r = -26*r + 6360. What is the tens digit of r?
2
Suppose -w - 2*w = 0. Suppose -3*d + 4*d = z + 61, w = -5*d - 3*z + 313. What is the units digit of d?
2
Let y = 50 + 178. What is the units digit of y?
8
Suppose -824 = 20*w - 24*w. What is the tens digit of w?
0
Suppose 0 = -5*y - m + 3657 - 675, 5*y = 4*m + 2997. Let p = -383 + y. What is the units digit of p?
4
Let y(k) = -k**3 - 5*k**2 + 4*k - 5. Let c be (-63)/28 + (-3)/4. Let b be 0 + 3/(-1) + c. What is the units digit of y(b)?
7
Let x(j) = j**2 - 2*j - 5. Let o(a) = -2*a**2 + 5*a + 10. Suppose 0 = -5*p, -p = f - 6*p + 3. Let y(i) = f*o(i) - 7*x(i). What is the units digit of y(0)?
5
Let v(w) = 12*w - 220. What is the tens digit of v(36)?
1
Let v(d) be the third derivative of 43*d**4/24 - d**3/3 + 14*d**2. What is the tens digit of v(2)?
8
What is the units digit of (-7)/21 - (-10250)/15?
3
Suppose 18 = -5*o + 3*g + 73, -4*o + 46 = -2*g. Let v = 23 + -18. Let b = v + o. What is the tens digit of b?
1
Suppose 0 = 5*r + 6*q - 7*q - 2536, 4*q - 1540 = -3*r. What is the units digit of r?
8
Suppose -5*g = 2*n - 91 - 224, 5*g = 2*n - 325. Suppose -3*q = -n + 55. What is the units digit of q?
5
Let l = -24 - -273. What is the units digit of l?
9
Let d = -377 - -365. Let w(l) = -2 - 3*l**2 - 17*l - 2 + 2*l**2. What is the units digit of w(d)?
6
Suppose -2*i + 7*i - 3050 = -s, 15 = -3*s. What is the hundreds digit of i?
6
Suppose 0*x + x + 11 = 4*h, 3*x = 2*h + 7. Let c(w) = 57*w + 37. What is the hundreds digit of c(x)?
3
Let i(m) = 6*m**2 + 25*m - 132. What is the hundreds digit of i(-16)?
0
Suppose 0*b = -9*b + 18. What is the units digit of (16 - 7) + (-6)/b?
6
Let f(x) = x**2 - 13*x. Let i = -57 - -12. Let m = -31 - i. What is the tens digit of f(m)?
1
Suppose -5*l - 155 + 40 = 0. Let g(z) = -13*z - 66. What is the hundreds digit of g(l)?
2
Suppose 0*w + w + 2*b - 111 = 0, 3*b = 15. Suppose 147 = 5*c + 2*t, 0*c = 3*c - 2*t - w. What is the tens digit of c?
3
Let b = 1666 - 767. What is the hundreds digit of b?
8
Let a(f) = -f**2 - 17*f - 5. Suppose 13 = -3*b - 29. What is the tens digit of a(b)?
3
Let t(v) = -3*v - 9. Let s be 3/(-15) + 116/(-20). What is the units digit of t(s)?
9
Suppose -21*q = -5*q - 9168. What is the units digit of q?
3
Let b(g) = -264*g + 106. What is the tens digit of b(-4)?
6
Let p(r) be the first derivative of 23*r**4/4 + r**2/2 - 7. Let y be p(1). Let m = 37 - y. What is the units digit of m?
3
Suppose -2*h = h - 27. Suppose -6*z - h = -9*z. Suppose z*s - 2*k + 34 = 4*s, -4*s = -5*k - 71. What is the units digit of s?
4
Suppose -b + 6999 = 3*g, -4*b + 1671 + 7669 = 4*g. What is the thousands digit of g?
2
Let v(r) = 254*r**2 + 6*r - 5. What is the hundreds digit of v(2)?
0
What is the tens digit of (1/(-1))/((-71)/20661)?
9
Suppose 205 = 3*p - 50. Suppose -v + p = 4*v. What is the tens digit of v?
1
Let f = 7 + -5. Let t(q) = -14*q + 2*q**f - 15*q**2 + 0*q**3 + q**3 + 20. What is the units digit of t